{"id":1114,"date":"2025-09-12T21:31:59","date_gmt":"2025-09-12T19:31:59","guid":{"rendered":"https:\/\/ronron-asso.fr\/?page_id=1114"},"modified":"2025-09-14T22:50:45","modified_gmt":"2025-09-14T20:50:45","slug":"parrainage","status":"publish","type":"page","link":"https:\/\/ronron-asso.fr\/index.php\/parrainage\/","title":{"rendered":"Parrainage"},"content":{"rendered":"<div class=\"yoast-breadcrumbs\"><span><span><a href=\"https:\/\/ronron-asso.fr\/\">Accueil<\/a><\/span> &gt; <span class=\"breadcrumb_last\" aria-current=\"page\">Parrainage<\/span><\/span><\/div>\n\n\n<p>D\u00e9couvrez ici toutes les informations essentielles concernant le parrainage de nos chats.<\/p>\n\n\n\n<ul class=\"wp-block-list\">\n<li class=\"has-text-color has-link-color wp-elements-ac03df297ba50a49041d61da0cde1884\" style=\"color:#7cb63e\"><strong><a href=\"#parrainage\">Qu&rsquo;est-ce que le parrainage d&rsquo;un chat ?<\/a><\/strong><\/li>\n\n\n\n<li class=\"has-text-color has-link-color wp-elements-eb784f2c24a2c9ad738ea209b07b9448\" style=\"color:#7cb63e\"><strong><a href=\"#prix-parrainage\">Combien co\u00fbte le parrainage ?<\/a><\/strong><\/li>\n\n\n\n<li class=\"has-text-color has-link-color wp-elements-eb510ded23cab2cb7a43341d29c20ad5\" style=\"color:#7cb63e\"><strong><a href=\"#contrepartie-parrainage\">Qu&rsquo;est-ce que je re\u00e7ois en tant que parrain \/ marraine ?<\/a><\/strong><\/li>\n\n\n\n<li class=\"has-text-color has-link-color wp-elements-849932f9b06c02e3a94629528b18abcf\" style=\"color:#7cb63e\"><strong><a href=\"#comment-parrainer\">Comment parrainer un chat ?<\/a><\/strong><\/li>\n\n\n\n<li class=\"has-text-color has-link-color wp-elements-61205e46f4f84f16d10942adafe8b6eb\" style=\"color:#7cb63e\"><strong><a href=\"#chats-\u00e0-parrainer\">Quels sont les chats \u00e0 parrainer ?<\/a><\/strong><\/li>\n<\/ul>\n\n\n\n<hr class=\"wp-block-separator has-text-color has-alpha-channel-opacity has-background\" style=\"background-color:#7cb63e;color:#7cb63e\"\/>\n\n\n\n<p class=\"has-medium-font-size\" id=\"parrainage\"><strong>Qu&rsquo;est-ce que le parrainage d&rsquo;un chat ?<\/strong><\/p>\n\n\n\n<p>Certains de nos chats sont&nbsp;<strong>trop \u00e2g\u00e9s<\/strong>, <strong>trop fragiles<\/strong>, <strong>trop handicap\u00e9s<\/strong> ou <strong>trop malades<\/strong>&nbsp;pour \u00eatre adopt\u00e9s ou rel\u00e2ch\u00e9s dans leur milieu naturel. Ils restent donc dans l&rsquo;association o\u00f9 nous leur offrons confort et s\u00e9curit\u00e9. Mais nos moyens sont limit\u00e9s, et leur prise en charge repr\u00e9sente un co\u00fbt important.<\/p>\n\n\n\n<p>Le parrainage permet alors de nous aider \u00e0 leur assurer une vie digne et paisible. Avec un don mensuel, vous pouvez <strong>soutenir un chat de l&rsquo;association<\/strong> m\u00eame si vous ne pouvez pas l\u2019adopter. Votre contribution aide \u00e0 <strong>couvrir ses besoins<\/strong> : nourriture, soins v\u00e9t\u00e9rinaires, traitements sp\u00e9cifiques, et lui permet de vivre dans les meilleures conditions possibles au sein de notre association.<\/p>\n\n\n\n<figure class=\"wp-block-image aligncenter size-large is-resized\"><img loading=\"lazy\" decoding=\"async\" width=\"1024\" height=\"683\" src=\"https:\/\/ronron-asso.fr\/wp-content\/uploads\/2025\/09\/1536-1024-2-1024x683.jpg\" alt=\"\" class=\"wp-image-1135\" style=\"width:479px;height:auto\" srcset=\"https:\/\/ronron-asso.fr\/wp-content\/uploads\/2025\/09\/1536-1024-2-1024x683.jpg 1024w, https:\/\/ronron-asso.fr\/wp-content\/uploads\/2025\/09\/1536-1024-2-300x200.jpg 300w, https:\/\/ronron-asso.fr\/wp-content\/uploads\/2025\/09\/1536-1024-2-768x512.jpg 768w, https:\/\/ronron-asso.fr\/wp-content\/uploads\/2025\/09\/1536-1024-2.jpg 1536w\" sizes=\"auto, (max-width: 1024px) 100vw, 1024px\" \/><\/figure>\n\n\n\n<hr class=\"wp-block-separator has-text-color has-alpha-channel-opacity has-background\" style=\"background-color:#7cb63e;color:#7cb63e\"\/>\n\n\n\n<p class=\"has-medium-font-size\" id=\"prix-parrainage\"><strong>Combien co\u00fbte le parrainage ?<\/strong><\/p>\n\n\n\n<p>Le parrainage d\u00e9bute \u00e0&nbsp;<strong>5 par mois <\/strong>mais le montant reste&nbsp;<strong>enti\u00e8rement libre<\/strong>. Que vous donniez 5 \u20ac, 10 \u20ac, 20 \u20ac ou plus, chaque participation est pr\u00e9cieuse et a un&nbsp;impact direct&nbsp;sur la vie des chats : alimentation, soins v\u00e9t\u00e9rinaires et traitements sp\u00e9cifiques.<\/p>\n\n\n\n<hr class=\"wp-block-separator has-text-color has-alpha-channel-opacity has-background\" style=\"background-color:#7cb63e;color:#7cb63e\"\/>\n\n\n\n<p class=\"has-medium-font-size\" id=\"contrepartie-parrainage\"><strong>Qu&rsquo;est-ce que je re\u00e7ois en tant que parrain \/ marraine ?<\/strong><\/p>\n\n\n\n<p>En tant que parrain \/ marraine, vous recevez :<\/p>\n\n\n\n<ul class=\"wp-block-list\">\n<li>Un&nbsp;<strong>certificat de parrainage personnalis\u00e9<\/strong>.<\/li>\n\n\n\n<li>Des&nbsp;<strong>nouvelles r\u00e9guli\u00e8res<\/strong>&nbsp;de votre filleul(e) : nouvelles, photos, parfois vid\u00e9os.<\/li>\n<\/ul>\n\n\n\n<hr class=\"wp-block-separator has-text-color has-alpha-channel-opacity has-background\" style=\"background-color:#7cb63e;color:#7cb63e\"\/>\n\n\n\n<p class=\"has-medium-font-size\" id=\"comment-parrainer\"><strong>Comment parrainer un chat ?<\/strong><\/p>\n\n\n\n<ul class=\"wp-block-list\">\n<li>Rendez-vous directement sur notre\u00a0<strong>cagnotte HelloAsso<\/strong> en cliquant <a href=\"https:\/\/www.helloasso.com\/associations\/ronron-association-reims\/formulaires\/3\" target=\"_blank\" rel=\"noreferrer noopener\" class=\"broken_link\">ici<\/a>.<\/li>\n\n\n\n<li><strong>Choisissez le montant<\/strong> de votre parrainage (\u00e0 partir de 5 \u20ac par mois).<\/li>\n\n\n\n<li><strong>Indiquez le chat<\/strong> que vous souhaitez parrainer.<\/li>\n<\/ul>\n\n\n\n<p>Nous vous enverrons ensuite votre certificat et vous tiendrons inform\u00e9(e) r\u00e9guli\u00e8rement de la vie de votre prot\u00e9g\u00e9.<\/p>\n\n\n\n<figure class=\"wp-block-image aligncenter size-large is-resized\"><img loading=\"lazy\" decoding=\"async\" width=\"1024\" height=\"683\" src=\"https:\/\/ronron-asso.fr\/wp-content\/uploads\/2025\/09\/1536-1024-3-1024x683.jpg\" alt=\"\" class=\"wp-image-1149\" style=\"width:469px;height:auto\" srcset=\"https:\/\/ronron-asso.fr\/wp-content\/uploads\/2025\/09\/1536-1024-3-1024x683.jpg 1024w, https:\/\/ronron-asso.fr\/wp-content\/uploads\/2025\/09\/1536-1024-3-300x200.jpg 300w, https:\/\/ronron-asso.fr\/wp-content\/uploads\/2025\/09\/1536-1024-3-768x512.jpg 768w, https:\/\/ronron-asso.fr\/wp-content\/uploads\/2025\/09\/1536-1024-3.jpg 1536w\" sizes=\"auto, (max-width: 1024px) 100vw, 1024px\" \/><\/figure>\n\n\n\n<hr class=\"wp-block-separator has-text-color has-alpha-channel-opacity has-background\" style=\"background-color:#7cb63e;color:#7cb63e\"\/>\n\n\n\n<p class=\"has-medium-font-size\" id=\"chats-\u00e0-parrainer\"><strong>Quels sont les chats \u00e0 parrainer ?<\/strong><\/p>\n\n\n\n<p>Vous pouvez choisir parmi :<\/p>\n\n\n\n<ul class=\"wp-block-list\">\n<li>Des&nbsp;<strong>seniors<\/strong>&nbsp;qui m\u00e9ritent une retraite douce.<\/li>\n\n\n\n<li>Des&nbsp;<strong>petits rescap\u00e9s<\/strong>&nbsp;malades ou handicap\u00e9s n\u00e9cessitant des soins particuliers.<\/li>\n<\/ul>\n\n\n\n<p>Cliquez en-dessous pour d\u00e9couvrir la liste de nos petits prot\u00e9g\u00e9s qui attendent leur parrain ou leur marraine !<\/p>\n\n\n\n<div class=\"wp-block-buttons alignwide is-content-justification-center is-layout-flex wp-container-core-buttons-is-layout-a89b3969 wp-block-buttons-is-layout-flex\">\n<div class=\"wp-block-button has-custom-width wp-block-button__width-50 is-style-fill\"><a class=\"wp-block-button__link has-background has-medium-font-size has-custom-font-size wp-element-button\" href=\"https:\/\/ronron-asso.fr\/index.php\/parrainage\/nos-chats-a-parrainer\/\" style=\"background-color:#7cb63e\">Nos chats \u00e0 parrainer<\/a><\/div>\n<\/div>\n\n\n\n<p><\/p>\n","protected":false},"excerpt":{"rendered":"<p>D\u00e9couvrez ici toutes les informations essentielles concernant le parrainage de nos chats. Qu&rsquo;est-ce que le parrainage d&rsquo;un chat ? Certains de nos chats sont&nbsp;trop \u00e2g\u00e9s, trop fragiles, trop handicap\u00e9s ou trop malades&nbsp;pour \u00eatre adopt\u00e9s ou rel\u00e2ch\u00e9s dans leur milieu naturel. Ils restent donc dans l&rsquo;association o\u00f9 nous leur offrons confort et s\u00e9curit\u00e9. Mais nos moyens [&hellip;]<\/p>\n","protected":false},"author":2,"featured_media":0,"parent":0,"menu_order":0,"comment_status":"open","ping_status":"closed","template":"","meta":{"footnotes":""},"class_list":["post-1114","page","type-page","status-publish","hentry"],"blocksy_meta":[],"yoast_head":"<!-- This site is optimized with the Yoast SEO plugin v26.1.1 - https:\/\/yoast.com\/wordpress\/plugins\/seo\/ -->\n<title>Parrainage - Ronron Association - Reims<\/title>\n<meta name=\"robots\" content=\"index, follow, max-snippet:-1, max-image-preview:large, max-video-preview:-1\" \/>\n<link rel=\"canonical\" href=\"https:\/\/ronron-asso.fr\/index.php\/parrainage\/\" \/>\n<meta property=\"og:locale\" content=\"fr_FR\" \/>\n<meta property=\"og:type\" content=\"article\" \/>\n<meta property=\"og:title\" content=\"Parrainage - Ronron Association - Reims\" \/>\n<meta property=\"og:description\" content=\"D\u00e9couvrez ici toutes les informations essentielles concernant le parrainage de nos chats. Qu&rsquo;est-ce que le parrainage d&rsquo;un chat ? Certains de nos chats sont&nbsp;trop \u00e2g\u00e9s, trop fragiles, trop handicap\u00e9s ou trop malades&nbsp;pour \u00eatre adopt\u00e9s ou rel\u00e2ch\u00e9s dans leur milieu naturel. Ils restent donc dans l&rsquo;association o\u00f9 nous leur offrons confort et s\u00e9curit\u00e9. Mais nos moyens [&hellip;]\" \/>\n<meta property=\"og:url\" content=\"https:\/\/ronron-asso.fr\/index.php\/parrainage\/\" \/>\n<meta property=\"og:site_name\" content=\"Ronron Association - Reims\" \/>\n<meta property=\"article:modified_time\" content=\"2025-09-14T20:50:45+00:00\" \/>\n<meta property=\"og:image\" content=\"https:\/\/ronron-asso.fr\/wp-content\/uploads\/2025\/09\/1536-1024-2.jpg\" \/>\n\t<meta property=\"og:image:width\" content=\"1536\" \/>\n\t<meta property=\"og:image:height\" content=\"1024\" \/>\n\t<meta property=\"og:image:type\" content=\"image\/jpeg\" \/>\n<meta name=\"twitter:card\" content=\"summary_large_image\" \/>\n<meta name=\"twitter:label1\" content=\"Dur\u00e9e de lecture estim\u00e9e\" \/>\n\t<meta name=\"twitter:data1\" content=\"3 minutes\" \/>\n<script type=\"application\/ld+json\" class=\"yoast-schema-graph\">{\"@context\":\"https:\/\/schema.org\",\"@graph\":[{\"@type\":\"WebPage\",\"@id\":\"https:\/\/ronron-asso.fr\/index.php\/parrainage\/\",\"url\":\"https:\/\/ronron-asso.fr\/index.php\/parrainage\/\",\"name\":\"Parrainage - Ronron Association - Reims\",\"isPartOf\":{\"@id\":\"https:\/\/ronron-asso.fr\/#website\"},\"primaryImageOfPage\":{\"@id\":\"https:\/\/ronron-asso.fr\/index.php\/parrainage\/#primaryimage\"},\"image\":{\"@id\":\"https:\/\/ronron-asso.fr\/index.php\/parrainage\/#primaryimage\"},\"thumbnailUrl\":\"https:\/\/ronron-asso.fr\/wp-content\/uploads\/2025\/09\/1536-1024-2-1024x683.jpg\",\"datePublished\":\"2025-09-12T19:31:59+00:00\",\"dateModified\":\"2025-09-14T20:50:45+00:00\",\"breadcrumb\":{\"@id\":\"https:\/\/ronron-asso.fr\/index.php\/parrainage\/#breadcrumb\"},\"inLanguage\":\"fr-FR\",\"potentialAction\":[{\"@type\":\"ReadAction\",\"target\":[\"https:\/\/ronron-asso.fr\/index.php\/parrainage\/\"]}]},{\"@type\":\"ImageObject\",\"inLanguage\":\"fr-FR\",\"@id\":\"https:\/\/ronron-asso.fr\/index.php\/parrainage\/#primaryimage\",\"url\":\"https:\/\/ronron-asso.fr\/wp-content\/uploads\/2025\/09\/1536-1024-2.jpg\",\"contentUrl\":\"https:\/\/ronron-asso.fr\/wp-content\/uploads\/2025\/09\/1536-1024-2.jpg\",\"width\":1536,\"height\":1024},{\"@type\":\"BreadcrumbList\",\"@id\":\"https:\/\/ronron-asso.fr\/index.php\/parrainage\/#breadcrumb\",\"itemListElement\":[{\"@type\":\"ListItem\",\"position\":1,\"name\":\"Accueil\",\"item\":\"https:\/\/ronron-asso.fr\/\"},{\"@type\":\"ListItem\",\"position\":2,\"name\":\"Parrainage\"}]},{\"@type\":\"WebSite\",\"@id\":\"https:\/\/ronron-asso.fr\/#website\",\"url\":\"https:\/\/ronron-asso.fr\/\",\"name\":\"Ronron Association - Reims\",\"description\":\"\",\"potentialAction\":[{\"@type\":\"SearchAction\",\"target\":{\"@type\":\"EntryPoint\",\"urlTemplate\":\"https:\/\/ronron-asso.fr\/?s={search_term_string}\"},\"query-input\":{\"@type\":\"PropertyValueSpecification\",\"valueRequired\":true,\"valueName\":\"search_term_string\"}}],\"inLanguage\":\"fr-FR\"}]}<\/script>\n<!-- \/ Yoast SEO plugin. -->","yoast_head_json":{"title":"Parrainage - Ronron Association - Reims","robots":{"index":"index","follow":"follow","max-snippet":"max-snippet:-1","max-image-preview":"max-image-preview:large","max-video-preview":"max-video-preview:-1"},"canonical":"https:\/\/ronron-asso.fr\/index.php\/parrainage\/","og_locale":"fr_FR","og_type":"article","og_title":"Parrainage - Ronron Association - Reims","og_description":"D\u00e9couvrez ici toutes les informations essentielles concernant le parrainage de nos chats. Qu&rsquo;est-ce que le parrainage d&rsquo;un chat ? Certains de nos chats sont&nbsp;trop \u00e2g\u00e9s, trop fragiles, trop handicap\u00e9s ou trop malades&nbsp;pour \u00eatre adopt\u00e9s ou rel\u00e2ch\u00e9s dans leur milieu naturel. Ils restent donc dans l&rsquo;association o\u00f9 nous leur offrons confort et s\u00e9curit\u00e9. Mais nos moyens [&hellip;]","og_url":"https:\/\/ronron-asso.fr\/index.php\/parrainage\/","og_site_name":"Ronron Association - Reims","article_modified_time":"2025-09-14T20:50:45+00:00","og_image":[{"width":1536,"height":1024,"url":"https:\/\/ronron-asso.fr\/wp-content\/uploads\/2025\/09\/1536-1024-2.jpg","type":"image\/jpeg"}],"twitter_card":"summary_large_image","twitter_misc":{"Dur\u00e9e de lecture estim\u00e9e":"3 minutes"},"schema":{"@context":"https:\/\/schema.org","@graph":[{"@type":"WebPage","@id":"https:\/\/ronron-asso.fr\/index.php\/parrainage\/","url":"https:\/\/ronron-asso.fr\/index.php\/parrainage\/","name":"Parrainage - Ronron Association - Reims","isPartOf":{"@id":"https:\/\/ronron-asso.fr\/#website"},"primaryImageOfPage":{"@id":"https:\/\/ronron-asso.fr\/index.php\/parrainage\/#primaryimage"},"image":{"@id":"https:\/\/ronron-asso.fr\/index.php\/parrainage\/#primaryimage"},"thumbnailUrl":"https:\/\/ronron-asso.fr\/wp-content\/uploads\/2025\/09\/1536-1024-2-1024x683.jpg","datePublished":"2025-09-12T19:31:59+00:00","dateModified":"2025-09-14T20:50:45+00:00","breadcrumb":{"@id":"https:\/\/ronron-asso.fr\/index.php\/parrainage\/#breadcrumb"},"inLanguage":"fr-FR","potentialAction":[{"@type":"ReadAction","target":["https:\/\/ronron-asso.fr\/index.php\/parrainage\/"]}]},{"@type":"ImageObject","inLanguage":"fr-FR","@id":"https:\/\/ronron-asso.fr\/index.php\/parrainage\/#primaryimage","url":"https:\/\/ronron-asso.fr\/wp-content\/uploads\/2025\/09\/1536-1024-2.jpg","contentUrl":"https:\/\/ronron-asso.fr\/wp-content\/uploads\/2025\/09\/1536-1024-2.jpg","width":1536,"height":1024},{"@type":"BreadcrumbList","@id":"https:\/\/ronron-asso.fr\/index.php\/parrainage\/#breadcrumb","itemListElement":[{"@type":"ListItem","position":1,"name":"Accueil","item":"https:\/\/ronron-asso.fr\/"},{"@type":"ListItem","position":2,"name":"Parrainage"}]},{"@type":"WebSite","@id":"https:\/\/ronron-asso.fr\/#website","url":"https:\/\/ronron-asso.fr\/","name":"Ronron Association - Reims","description":"","potentialAction":[{"@type":"SearchAction","target":{"@type":"EntryPoint","urlTemplate":"https:\/\/ronron-asso.fr\/?s={search_term_string}"},"query-input":{"@type":"PropertyValueSpecification","valueRequired":true,"valueName":"search_term_string"}}],"inLanguage":"fr-FR"}]}},"_links":{"self":[{"href":"https:\/\/ronron-asso.fr\/index.php\/wp-json\/wp\/v2\/pages\/1114","targetHints":{"allow":["GET"]}}],"collection":[{"href":"https:\/\/ronron-asso.fr\/index.php\/wp-json\/wp\/v2\/pages"}],"about":[{"href":"https:\/\/ronron-asso.fr\/index.php\/wp-json\/wp\/v2\/types\/page"}],"author":[{"embeddable":true,"href":"https:\/\/ronron-asso.fr\/index.php\/wp-json\/wp\/v2\/users\/2"}],"replies":[{"embeddable":true,"href":"https:\/\/ronron-asso.fr\/index.php\/wp-json\/wp\/v2\/comments?post=1114"}],"version-history":[{"count":30,"href":"https:\/\/ronron-asso.fr\/index.php\/wp-json\/wp\/v2\/pages\/1114\/revisions"}],"predecessor-version":[{"id":1196,"href":"https:\/\/ronron-asso.fr\/index.php\/wp-json\/wp\/v2\/pages\/1114\/revisions\/1196"}],"wp:attachment":[{"href":"https:\/\/ronron-asso.fr\/index.php\/wp-json\/wp\/v2\/media?parent=1114"}],"curies":[{"name":"wp","href":"https:\/\/api.w.org\/{rel}","templated":true}]}}