{"id":24,"date":"2022-03-10T11:42:59","date_gmt":"2022-03-10T10:42:59","guid":{"rendered":"http:\/\/localhost\/monsitewebwordpress\/?page_id=24"},"modified":"2024-12-23T15:07:06","modified_gmt":"2024-12-23T14:07:06","slug":"devenir-famille-daccueil","status":"publish","type":"page","link":"https:\/\/ronron-asso.fr\/index.php\/nous-aider\/devenir-famille-daccueil\/","title":{"rendered":"Devenir Famille d&rsquo;Accueil"},"content":{"rendered":"<div class=\"yoast-breadcrumbs\"><span><span><a href=\"https:\/\/ronron-asso.fr\/\">Accueil<\/a><\/span> &gt; <span><a href=\"https:\/\/ronron-asso.fr\/index.php\/nous-aider\/\">Nous aider<\/a><\/span> &gt; <span class=\"breadcrumb_last\" aria-current=\"page\">Devenir Famille d&rsquo;Accueil<\/span><\/span><\/div>\n\n\n<div class=\"wp-block-media-text is-stacked-on-mobile\" style=\"grid-template-columns:29% auto\"><figure class=\"wp-block-media-text__media\"><img loading=\"lazy\" decoding=\"async\" width=\"768\" height=\"1024\" src=\"https:\/\/ronron-asso.fr\/wp-content\/uploads\/2024\/06\/Kashmir-768x1024.jpg\" alt=\"\" class=\"wp-image-590 size-full\" srcset=\"https:\/\/ronron-asso.fr\/wp-content\/uploads\/2024\/06\/Kashmir-768x1024.jpg 768w, https:\/\/ronron-asso.fr\/wp-content\/uploads\/2024\/06\/Kashmir-225x300.jpg 225w, https:\/\/ronron-asso.fr\/wp-content\/uploads\/2024\/06\/Kashmir-1152x1536.jpg 1152w, https:\/\/ronron-asso.fr\/wp-content\/uploads\/2024\/06\/Kashmir-1536x2048.jpg 1536w, https:\/\/ronron-asso.fr\/wp-content\/uploads\/2024\/06\/Kashmir-scaled.jpg 1920w\" sizes=\"auto, (max-width: 768px) 100vw, 768px\" \/><\/figure><div class=\"wp-block-media-text__content\">\n<p>Vous adorez les f\u00e9lins et souhaitez faire une diff\u00e9rence dans leur vie ? Offrez-leur une chance en devenant famille d\u2019accueil pour la Ronron Association !<br><br>La Ronron Association ne pourrait poursuivre son action sans des personnes au grand c\u0153ur comme les familles d&rsquo;accueil. Ensemble, faisons briller une lumi\u00e8re d\u2019espoir dans les yeux de nos amis \u00e0 quatre pattes.<\/p>\n\n\n\n<ul class=\"wp-block-list\">\n<li class=\"has-text-color has-link-color wp-elements-24ea22c5d4b813790322c7b50fa7690c\" style=\"color:#7cb63e\"><a href=\"#famille-d'acceuil\"><strong>C&rsquo;est quoi, \u00eatre famille d&rsquo;accueil ?<\/strong><\/a><\/li>\n\n\n\n<li class=\"has-text-color has-link-color wp-elements-487df1a13943628360c7aab68d8a65ee\" style=\"color:#7cb63e\"><a href=\"#chat-confi\u00e9\"><strong>Est-ce que je peux choisir le chat qui m&rsquo;est confi\u00e9 ? <\/strong><\/a><\/li>\n\n\n\n<li class=\"has-text-color has-link-color wp-elements-f451f2f029613a20492ee3c3810a43c5\" style=\"color:#7cb63e\"><a href=\"#peur\"><strong>J&rsquo;ai peur de m&rsquo;attacher au chat que j&rsquo;accueille&#8230;<\/strong><\/a><\/li>\n\n\n\n<li class=\"has-text-color has-link-color wp-elements-c20a8ece80f1d890413bee94bc119a2e\" style=\"color:#7cb63e\"><a href=\"#d\u00e9marches\"><strong>Comment faire les d\u00e9marches pour devenir famille d&rsquo;accueil ?<\/strong><\/a><\/li>\n<\/ul>\n<\/div><\/div>\n\n\n\n<hr class=\"wp-block-separator has-text-color has-alpha-channel-opacity has-background\" style=\"background-color:#7cb63e;color:#7cb63e\"\/>\n\n\n\n<p class=\"has-black-color has-text-color has-link-color has-large-font-size wp-elements-d3df8949e27c122ceb43f53712f55f4b\" id=\"famille-d'accueil\"><strong>C&rsquo;est quoi, \u00eatre Famille d&rsquo;Accueil ?<\/strong><\/p>\n\n\n\n<p>Accueillir un chat en tant que famille d\u2019accueil pour la Ronron Association, c\u2019est offrir une v\u00e9ritable bou\u00e9e de sauvetage \u00e0 un f\u00e9lin dans le besoin. <br><br>Votre mission consiste \u00e0 :<\/p>\n\n\n\n<ul class=\"wp-block-list\">\n<li><strong>Prendre soin de lui temporairement<\/strong>, lui offrir un foyer chaleureux et s\u00e9curis\u00e9.<\/li>\n\n\n\n<li><strong>Subvenir \u00e0 ses besoins quotidiens<\/strong>, tout en lui redonnant confiance en l\u2019\u00eatre humain, surtout s\u2019il a v\u00e9cu des moments difficiles.<\/li>\n\n\n\n<li><strong>Lui apporter \u00e9norm\u00e9ment d\u2019amour et de r\u00e9confort<\/strong>&nbsp;pour qu\u2019il puisse s\u2019\u00e9panouir jusqu\u2019\u00e0 son adoption.<\/li>\n<\/ul>\n\n\n\n<p>Nous recherchons des familles aimantes et disponibles, pr\u00eates \u00e0 accueillir un pensionnaire sur plusieurs mois. En tant que famille d\u2019accueil, vous devez \u00e9galement \u00eatre en mesure d\u2019accompagner le chat \u00e0 ses rendez-vous chez notre v\u00e9t\u00e9rinaire \u00e0 Tinqueux et accepter de recevoir chez vous des adoptants potentiels ou des b\u00e9n\u00e9voles de l\u2019association pour des visites.<br><br>Les frais v\u00e9t\u00e9rinaires li\u00e9s aux soins sont enti\u00e8rement pris en charge par l\u2019association. De plus, nous fournissons tout le mat\u00e9riel n\u00e9cessaire pour accueillir le chat dans les meilleures conditions (\u00e0 l\u2019exception de la liti\u00e8re) ainsi que son alimentation, que vous pourrez venir r\u00e9cup\u00e9rer directement aupr\u00e8s de l\u2019association.<\/p>\n\n\n\n<hr class=\"wp-block-separator has-text-color has-alpha-channel-opacity has-background\" style=\"background-color:#7cb63e;color:#7cb63e\"\/>\n\n\n\n<p class=\"has-black-color has-text-color has-link-color has-large-font-size wp-elements-c9b3789580e98e3d9a0af7c456575e35\" id=\"chat-confi\u00e9\"><strong>Puis-je choisir le chat qui m&rsquo;est confi\u00e9 ?<\/strong><\/p>\n\n\n\n<p>Non, vous ne pouvez pas choisir sp\u00e9cifiquement le chat qui vous sera confi\u00e9, mais nous vous fournirons toutes les informations dont nous disposons \u00e0 son sujet afin que vous puissiez prendre une d\u00e9cision \u00e9clair\u00e9e. Si vous sentez que le chat propos\u00e9 ne correspond pas \u00e0 votre situation ou \u00e0 vos attentes, vous \u00eates libre de refuser l\u2019accueil et de nous en expliquer les raisons. Cela nous permettra de nous organiser au mieux pour trouver une solution.<\/p>\n\n\n\n<p>Avant de vous proposer un chat, nous vous poserons \u00e9galement des questions en amont pour savoir si vous \u00eates ouvert \u00e0 accueillir plusieurs chats, si vous \u00eates \u00e0 l\u2019aise avec certains soins sp\u00e9cifiques, et d\u2019autres crit\u00e8res importants pour nous assurer que la mission se passe dans de bonnes conditions. Votre confort et celui du chat sont notre priorit\u00e9.<\/p>\n\n\n\n<hr class=\"wp-block-separator has-text-color has-alpha-channel-opacity has-background\" style=\"background-color:#7cb63e;color:#7cb63e\"\/>\n\n\n\n<p class=\"has-black-color has-text-color has-link-color has-large-font-size wp-elements-3a7a4d16ea53bf12add58142555a1782\" id=\"peur\"><strong>J&rsquo;ai peur de m&rsquo;attacher au chat que j&rsquo;accueille&#8230;<\/strong><\/p>\n\n\n\n<div class=\"wp-block-media-text is-stacked-on-mobile\" style=\"grid-template-columns:43% auto\"><figure class=\"wp-block-media-text__media\"><img loading=\"lazy\" decoding=\"async\" width=\"1024\" height=\"798\" src=\"https:\/\/ronron-asso.fr\/wp-content\/uploads\/2024\/01\/helios-main-1024x798.jpg\" alt=\"\" class=\"wp-image-521 size-full\" srcset=\"https:\/\/ronron-asso.fr\/wp-content\/uploads\/2024\/01\/helios-main-1024x798.jpg 1024w, https:\/\/ronron-asso.fr\/wp-content\/uploads\/2024\/01\/helios-main-300x234.jpg 300w, https:\/\/ronron-asso.fr\/wp-content\/uploads\/2024\/01\/helios-main-768x599.jpg 768w, https:\/\/ronron-asso.fr\/wp-content\/uploads\/2024\/01\/helios-main-1536x1197.jpg 1536w, https:\/\/ronron-asso.fr\/wp-content\/uploads\/2024\/01\/helios-main.jpg 1885w\" sizes=\"auto, (max-width: 1024px) 100vw, 1024px\" \/><\/figure><div class=\"wp-block-media-text__content\">\n<p>Nous comprenons cette crainte. Pour limiter l&rsquo;attachement, tant de votre part que de celle du chat, nous organisons un changement de famille d\u2019accueil tous les 4 mois maximum. Cela permet de pr\u00e9server le bien-\u00eatre de l&rsquo;animal et d&rsquo;\u00e9viter des liens trop forts qui pourraient compliquer son adoption future. C&rsquo;est pour cette raison que nous demandons un engagement minimum de 4 mois. Cette p\u00e9riode permet de donner au chat le temps de s&rsquo;adapter, tout en pr\u00e9servant votre \u00e9quilibre \u00e9motionnel et celui de l&rsquo;animal.<\/p>\n<\/div><\/div>\n\n\n\n<hr class=\"wp-block-separator has-text-color has-alpha-channel-opacity has-background\" style=\"background-color:#7cb63e;color:#7cb63e\"\/>\n\n\n\n<p class=\"has-black-color has-text-color has-link-color has-large-font-size wp-elements-d5c0c2300b05699638b05d64a1f471cc\" id=\"d\u00e9marches\"><strong>Quelles sont les d\u00e9marches pour devenir famille d&rsquo;accueil ?<\/strong><\/p>\n\n\n\n<p>C&rsquo;est simple ! Il vous suffit de nous contacter. Nous vous demanderons ensuite de remplir un questionnaire afin de mieux conna\u00eetre votre situation et vos pr\u00e9f\u00e9rences. Une fois cette \u00e9tape compl\u00e9t\u00e9e, nous organiserons une visite \u00e0 votre domicile pour nous assurer que l\u2019environnement est adapt\u00e9 aux besoins de nos prot\u00e9g\u00e9s. Si tout est en ordre, nous pourrons alors vous confier un chat.<\/p>\n\n\n\n<p>N&rsquo;attendez plus pour commencer cette belle aventure ! Contactez-nous d\u00e8s maintenant via le formulaire de contact disponible <a href=\"https:\/\/ronron-asso.fr\/index.php\/contact\/\">ici<\/a>.<\/p>\n\n\n\n<p><\/p>\n","protected":false},"excerpt":{"rendered":"<p>C&rsquo;est quoi, \u00eatre Famille d&rsquo;Accueil ? Accueillir un chat en tant que famille d\u2019accueil pour la Ronron Association, c\u2019est offrir une v\u00e9ritable bou\u00e9e de sauvetage \u00e0 un f\u00e9lin dans le besoin. Votre mission consiste \u00e0 : Nous recherchons des familles aimantes et disponibles, pr\u00eates \u00e0 accueillir un pensionnaire sur plusieurs mois. En tant que famille [&hellip;]<\/p>\n","protected":false},"author":2,"featured_media":0,"parent":16,"menu_order":0,"comment_status":"closed","ping_status":"closed","template":"","meta":{"footnotes":""},"class_list":["post-24","page","type-page","status-publish","hentry"],"blocksy_meta":[],"yoast_head":"<!-- This site is optimized with the Yoast SEO plugin v26.1.1 - https:\/\/yoast.com\/wordpress\/plugins\/seo\/ -->\n<title>Devenir Famille d&#039;Accueil - Ronron Association - Reims<\/title>\n<meta name=\"description\" content=\"devenez famille d&#039;accueil pour un chat, en l&#039;accueillant jusqu&#039;\u00e0 son adoption\" \/>\n<meta name=\"robots\" content=\"index, follow, max-snippet:-1, max-image-preview:large, max-video-preview:-1\" \/>\n<link rel=\"canonical\" href=\"https:\/\/ronron-asso.fr\/index.php\/nous-aider\/devenir-famille-daccueil\/\" \/>\n<meta property=\"og:locale\" content=\"fr_FR\" \/>\n<meta property=\"og:type\" content=\"article\" \/>\n<meta property=\"og:title\" content=\"Devenir Famille d&#039;Accueil - Ronron Association - Reims\" \/>\n<meta property=\"og:description\" content=\"devenez famille d&#039;accueil pour un chat, en l&#039;accueillant jusqu&#039;\u00e0 son adoption\" \/>\n<meta property=\"og:url\" content=\"https:\/\/ronron-asso.fr\/index.php\/nous-aider\/devenir-famille-daccueil\/\" \/>\n<meta property=\"og:site_name\" content=\"Ronron Association - Reims\" \/>\n<meta property=\"article:modified_time\" content=\"2024-12-23T14:07:06+00:00\" \/>\n<meta property=\"og:image\" content=\"https:\/\/ronron-asso.fr\/wp-content\/uploads\/2024\/06\/Kashmir-scaled.jpg\" \/>\n\t<meta property=\"og:image:width\" content=\"1920\" \/>\n\t<meta property=\"og:image:height\" content=\"2560\" \/>\n\t<meta property=\"og:image:type\" content=\"image\/jpeg\" \/>\n<meta name=\"twitter:card\" content=\"summary_large_image\" \/>\n<meta name=\"twitter:label1\" content=\"Dur\u00e9e de lecture estim\u00e9e\" \/>\n\t<meta name=\"twitter:data1\" content=\"4 minutes\" \/>\n<script type=\"application\/ld+json\" class=\"yoast-schema-graph\">{\"@context\":\"https:\/\/schema.org\",\"@graph\":[{\"@type\":\"WebPage\",\"@id\":\"https:\/\/ronron-asso.fr\/index.php\/nous-aider\/devenir-famille-daccueil\/\",\"url\":\"https:\/\/ronron-asso.fr\/index.php\/nous-aider\/devenir-famille-daccueil\/\",\"name\":\"Devenir Famille d'Accueil - Ronron Association - Reims\",\"isPartOf\":{\"@id\":\"https:\/\/ronron-asso.fr\/#website\"},\"primaryImageOfPage\":{\"@id\":\"https:\/\/ronron-asso.fr\/index.php\/nous-aider\/devenir-famille-daccueil\/#primaryimage\"},\"image\":{\"@id\":\"https:\/\/ronron-asso.fr\/index.php\/nous-aider\/devenir-famille-daccueil\/#primaryimage\"},\"thumbnailUrl\":\"https:\/\/ronron-asso.fr\/wp-content\/uploads\/2024\/06\/Kashmir-768x1024.jpg\",\"datePublished\":\"2022-03-10T10:42:59+00:00\",\"dateModified\":\"2024-12-23T14:07:06+00:00\",\"description\":\"devenez famille d'accueil pour un chat, en l'accueillant jusqu'\u00e0 son adoption\",\"breadcrumb\":{\"@id\":\"https:\/\/ronron-asso.fr\/index.php\/nous-aider\/devenir-famille-daccueil\/#breadcrumb\"},\"inLanguage\":\"fr-FR\",\"potentialAction\":[{\"@type\":\"ReadAction\",\"target\":[\"https:\/\/ronron-asso.fr\/index.php\/nous-aider\/devenir-famille-daccueil\/\"]}]},{\"@type\":\"ImageObject\",\"inLanguage\":\"fr-FR\",\"@id\":\"https:\/\/ronron-asso.fr\/index.php\/nous-aider\/devenir-famille-daccueil\/#primaryimage\",\"url\":\"https:\/\/ronron-asso.fr\/wp-content\/uploads\/2024\/06\/Kashmir-scaled.jpg\",\"contentUrl\":\"https:\/\/ronron-asso.fr\/wp-content\/uploads\/2024\/06\/Kashmir-scaled.jpg\",\"width\":1920,\"height\":2560},{\"@type\":\"BreadcrumbList\",\"@id\":\"https:\/\/ronron-asso.fr\/index.php\/nous-aider\/devenir-famille-daccueil\/#breadcrumb\",\"itemListElement\":[{\"@type\":\"ListItem\",\"position\":1,\"name\":\"Accueil\",\"item\":\"https:\/\/ronron-asso.fr\/\"},{\"@type\":\"ListItem\",\"position\":2,\"name\":\"Nous aider\",\"item\":\"https:\/\/ronron-asso.fr\/index.php\/nous-aider\/\"},{\"@type\":\"ListItem\",\"position\":3,\"name\":\"Devenir Famille d&rsquo;Accueil\"}]},{\"@type\":\"WebSite\",\"@id\":\"https:\/\/ronron-asso.fr\/#website\",\"url\":\"https:\/\/ronron-asso.fr\/\",\"name\":\"Ronron Association - Reims\",\"description\":\"\",\"potentialAction\":[{\"@type\":\"SearchAction\",\"target\":{\"@type\":\"EntryPoint\",\"urlTemplate\":\"https:\/\/ronron-asso.fr\/?s={search_term_string}\"},\"query-input\":{\"@type\":\"PropertyValueSpecification\",\"valueRequired\":true,\"valueName\":\"search_term_string\"}}],\"inLanguage\":\"fr-FR\"}]}<\/script>\n<!-- \/ Yoast SEO plugin. -->","yoast_head_json":{"title":"Devenir Famille d'Accueil - Ronron Association - Reims","description":"devenez famille d'accueil pour un chat, en l'accueillant jusqu'\u00e0 son adoption","robots":{"index":"index","follow":"follow","max-snippet":"max-snippet:-1","max-image-preview":"max-image-preview:large","max-video-preview":"max-video-preview:-1"},"canonical":"https:\/\/ronron-asso.fr\/index.php\/nous-aider\/devenir-famille-daccueil\/","og_locale":"fr_FR","og_type":"article","og_title":"Devenir Famille d'Accueil - Ronron Association - Reims","og_description":"devenez famille d'accueil pour un chat, en l'accueillant jusqu'\u00e0 son adoption","og_url":"https:\/\/ronron-asso.fr\/index.php\/nous-aider\/devenir-famille-daccueil\/","og_site_name":"Ronron Association - Reims","article_modified_time":"2024-12-23T14:07:06+00:00","og_image":[{"width":1920,"height":2560,"url":"https:\/\/ronron-asso.fr\/wp-content\/uploads\/2024\/06\/Kashmir-scaled.jpg","type":"image\/jpeg"}],"twitter_card":"summary_large_image","twitter_misc":{"Dur\u00e9e de lecture estim\u00e9e":"4 minutes"},"schema":{"@context":"https:\/\/schema.org","@graph":[{"@type":"WebPage","@id":"https:\/\/ronron-asso.fr\/index.php\/nous-aider\/devenir-famille-daccueil\/","url":"https:\/\/ronron-asso.fr\/index.php\/nous-aider\/devenir-famille-daccueil\/","name":"Devenir Famille d'Accueil - Ronron Association - Reims","isPartOf":{"@id":"https:\/\/ronron-asso.fr\/#website"},"primaryImageOfPage":{"@id":"https:\/\/ronron-asso.fr\/index.php\/nous-aider\/devenir-famille-daccueil\/#primaryimage"},"image":{"@id":"https:\/\/ronron-asso.fr\/index.php\/nous-aider\/devenir-famille-daccueil\/#primaryimage"},"thumbnailUrl":"https:\/\/ronron-asso.fr\/wp-content\/uploads\/2024\/06\/Kashmir-768x1024.jpg","datePublished":"2022-03-10T10:42:59+00:00","dateModified":"2024-12-23T14:07:06+00:00","description":"devenez famille d'accueil pour un chat, en l'accueillant jusqu'\u00e0 son adoption","breadcrumb":{"@id":"https:\/\/ronron-asso.fr\/index.php\/nous-aider\/devenir-famille-daccueil\/#breadcrumb"},"inLanguage":"fr-FR","potentialAction":[{"@type":"ReadAction","target":["https:\/\/ronron-asso.fr\/index.php\/nous-aider\/devenir-famille-daccueil\/"]}]},{"@type":"ImageObject","inLanguage":"fr-FR","@id":"https:\/\/ronron-asso.fr\/index.php\/nous-aider\/devenir-famille-daccueil\/#primaryimage","url":"https:\/\/ronron-asso.fr\/wp-content\/uploads\/2024\/06\/Kashmir-scaled.jpg","contentUrl":"https:\/\/ronron-asso.fr\/wp-content\/uploads\/2024\/06\/Kashmir-scaled.jpg","width":1920,"height":2560},{"@type":"BreadcrumbList","@id":"https:\/\/ronron-asso.fr\/index.php\/nous-aider\/devenir-famille-daccueil\/#breadcrumb","itemListElement":[{"@type":"ListItem","position":1,"name":"Accueil","item":"https:\/\/ronron-asso.fr\/"},{"@type":"ListItem","position":2,"name":"Nous aider","item":"https:\/\/ronron-asso.fr\/index.php\/nous-aider\/"},{"@type":"ListItem","position":3,"name":"Devenir Famille d&rsquo;Accueil"}]},{"@type":"WebSite","@id":"https:\/\/ronron-asso.fr\/#website","url":"https:\/\/ronron-asso.fr\/","name":"Ronron Association - Reims","description":"","potentialAction":[{"@type":"SearchAction","target":{"@type":"EntryPoint","urlTemplate":"https:\/\/ronron-asso.fr\/?s={search_term_string}"},"query-input":{"@type":"PropertyValueSpecification","valueRequired":true,"valueName":"search_term_string"}}],"inLanguage":"fr-FR"}]}},"_links":{"self":[{"href":"https:\/\/ronron-asso.fr\/index.php\/wp-json\/wp\/v2\/pages\/24","targetHints":{"allow":["GET"]}}],"collection":[{"href":"https:\/\/ronron-asso.fr\/index.php\/wp-json\/wp\/v2\/pages"}],"about":[{"href":"https:\/\/ronron-asso.fr\/index.php\/wp-json\/wp\/v2\/types\/page"}],"author":[{"embeddable":true,"href":"https:\/\/ronron-asso.fr\/index.php\/wp-json\/wp\/v2\/users\/2"}],"replies":[{"embeddable":true,"href":"https:\/\/ronron-asso.fr\/index.php\/wp-json\/wp\/v2\/comments?post=24"}],"version-history":[{"count":12,"href":"https:\/\/ronron-asso.fr\/index.php\/wp-json\/wp\/v2\/pages\/24\/revisions"}],"predecessor-version":[{"id":891,"href":"https:\/\/ronron-asso.fr\/index.php\/wp-json\/wp\/v2\/pages\/24\/revisions\/891"}],"up":[{"embeddable":true,"href":"https:\/\/ronron-asso.fr\/index.php\/wp-json\/wp\/v2\/pages\/16"}],"wp:attachment":[{"href":"https:\/\/ronron-asso.fr\/index.php\/wp-json\/wp\/v2\/media?parent=24"}],"curies":[{"name":"wp","href":"https:\/\/api.w.org\/{rel}","templated":true}]}}